housands digit of 314489334?
9
What is the millions digit of 133521216?
3
What is the units digit of 546200911?
1
What is the hundreds digit of 694374327?
3
What is the tens digit of 637301339?
3
What is the units digit of 19718959?
9
What is the hundred thousands digit of 2727829480?
8
What is the thousands digit of 316421290?
1
What is the tens digit of 598302733?
3
What is the hundreds digit of 196136837?
8
What is the millions digit of 1975091178?
5
What is the units digit of 138999542?
2
What is the millions digit of 2521500929?
1
What is the millions digit of 722328175?
2
What is the billions digit of 2124225048?
2
What is the ten millions digit of 2263997592?
6
What is the millions digit of 1415975745?
5
What is the ten millions digit of 37160701?
3
What is the hundred millions digit of 379780687?
3
What is the tens digit of 546910140?
4
What is the hundred millions digit of 126283596?
1
What is the ten millions digit of 464664479?
6
What is the tens digit of 3220428?
2
What is the thousands digit of 5313766779?
6
What is the billions digit of 1017202736?
1
What is the hundreds digit of 26195645?
6
What is the millions digit of 29754036?
9
What is the ten thousands digit of 4084986260?
8
What is the thousands digit of 962970315?
0
What is the hundreds digit of 184571364?
3
What is the tens digit of 1053028628?
2
What is the thousands digit of 4673571653?
1
What is the hundreds digit of 45578142?
1
What is the thousands digit of 904144873?
4
What is the ten millions digit of 2683798461?
8
What is the tens digit of 621973061?
6
What is the millions digit of 4545375?
4
What is the millions digit of 89227421?
9
What is the tens digit of 64792769?
6
What is the hundreds digit of 708692478?
4
What is the hundred thousands digit of 56838615?
8
What is the thousands digit of 26265171?
5
What is the tens digit of 771760269?
6
What is the thousands digit of 1845495?
5
What is the hundred millions digit of 303259013?
3
What is the ten thousands digit of 19494110?
9
What is the millions digit of 784963652?
4
What is the millions digit of 4890648840?
0
What is the hundred thousands digit of 89985417?
9
What is the ten thousands digit of 497982555?
8
What is the ten thousands digit of 4676526827?
2
What is the hundreds digit of 117395806?
8
What is the hundred thousands digit of 1550254376?
2
What is the hundred thousands digit of 973692689?
6
What is the hundred millions digit of 649377652?
6
What is the tens digit of 1693728356?
5
What is the hundred millions digit of 275090239?
2
What is the units digit of 1651479841?
1
What is the hundred thousands digit of 84661923?
6
What is the hundreds digit of 59586978?
9
What is the tens digit of 800853105?
0
What is the tens digit of 20514202?
0
What is the thousands digit of 9572697397?
7
What is the units digit of 1602479361?
1
What is the ten millions digit of 2659547378?
5
What is the units digit of 88121444?
4
What is the hundred millions digit of 285436317?
2
What is the hundreds digit of 871307223?
2
What is the ten millions digit of 1062447399?
6
What is the thousands digit of 89969541?
9
What is the thousands digit of 35459534?
9
What is the units digit of 133043549?
9
What is the ten millions digit of 55816697?
5
What is the hundred thousands digit of 194987756?
9
What is the billions digit of 1655746943?
1
What is the ten millions digit of 1832279900?
3
What is the tens digit of 1539050020?
2
What is the hundreds digit of 2330638109?
1
What is the ten millions digit of 345019843?
4
What is the hundred thousands digit of 35952829?
9
What is the hundreds digit of 47054388?
3
What is the ten millions digit of 118681090?
1
What is the hundreds digit of 164488750?
7
What is the tens digit of 27520235?
3
What is the hundred thousands digit of 535101134?
1
What is the tens digit of 28459578?
7
What is the ten millions digit of 87302791?
8
What is the thousands digit of 20298987?
8
What is the millions digit of 1132964677?
2
What is the hundred thousands digit of 46870051?
8
What is the millions digit of 64050370?
4
What is the ten thousands digit of 761148095?
4
What is the tens digit of 7573793495?
9
What is the hundred thousands digit of 131333534?
3
What is the hundred thousands digit of 4032919?
0
What is the thousands digit of 11030292?
0
What is the hundred thousands digit of 72863225?
8
What is the millions digit of 62554568?
2
What is the ten millions digit of 5182411430?
8
What is the millions digit of 883798676?
3
What is the thousands digit of 240576754?
6
What is the hundred millions digit of 130424619?
1
What is the hundred thousands digit of 658782057?
7
What is the ten thousands digit of 59718369?
1
What is the ten millions digit of 194413443?
9
What is the units digit of 38002323?
3
What is the hundreds digit of 652120368?
3
What is the billions digit of 3184343406?
3
What is the hundred thousands digit of 362870510?
8
What is the units digit of 936757316?
6
What is the tens digit of 376841482?
8
What is the thousands digit of 446035346?
5
What is the millions digit of 389911046?
9
What is the millions digit of 1982231082?
2
What is the ten millions digit of 173296202?
7
What is the ten millions digit of 2949326597?
4
What is the units digit of 75967819?
9
What is the hundreds digit of 34106997?
9
What is the hundred thousands digit of 9958450?
9
What is the tens digit of 608150815?
1
What is the ten thousands digit of 552566270?
6
What is the tens digit of 232304864?
6
What is the tens digit of 5301619700?
0
What is the hundred thousands digit of 8078636?
0
What is the tens digit of 557583540?
4
What is the millions digit of 659653588?
9
What is the units digit of 925233613?
3
What is the units digit of 40390773?
3
What is the ten thousands digit of 170091960?
9
What is the tens digit of 199801464?
6
What is the ten thousands digit of 145465308?
6
What is the millions digit of 153652870?
3
What is the tens digit of 620632212?
1
What is the ten thousands digit of 3786078220?
7
What is the units digit of 4860048106?
6
What is the units digit of 4298608?
8
What is the thousands digit of 670301267?
1
What is the tens digit of 101068567?
6
What is the thousands digit of 235596908?
6
What is the millions digit of 71374578?
1
What is the hundreds digit of 95630635?
6
What is the hundred thousands digit of 2179020887?
0
What is the hundreds digit of 324796406?
4
What is the units digit of 178950928?
8
What is the thousands digit of 152868228?
8
What is the hundred thousands digit of 142620293?
6
What is the millions digit of 1579513472?
9
What is the ten thousands digit of 4070377490?
7
What is the hundreds digit of 108310771?
7
What is the units digit of 91530403?
3
What is the millions digit of 368524284?
8
What is the hundred millions digit of 314875183?
3
What is the thousands digit of 687738213?
8
What is the thousands digit of 109985725?
5
What is the hundred thousands digit of 719482380?
4
What is the ten thousands digit of 34434869?
3
What is the ten thousands digit of 58622626?
2
What is the tens digit of 10608714?
1
What is the thousands digit of 5462958?
2
What is the thousands digit of 1268119370?
9
What is the ten millions digit of 79933176?
7
What is the tens digit of 2240636071?
7
What is the hundred thousands digit of 372500858?
5
What is the units digit of 2237943584?
4
What is the hundred millions digit of 142544441?
1
What is the millions digit of 119826057?
9
What is the hundred millions digit of 134824800?
1
What is the hundreds digit of 2806624?
6
What is the millions digit of 20038816?
0
What is the hundred thousands digit of 240814682?
8
What is the units digit of 4154436?
6
What is the hundreds digit of 477034602?
6
What is the hundred millions digit of 330567122?
3
What is the hundred thousands digit of 162002487?
0
What is the ten thousands digit of 134842697?
4
What is the thousands digit of 32332504?
2
What is the units digit of 216081330?
0
What is the hundred thousands digit of 47822207?
8
What is the thousands digit of 1220175490?
5
What is the hundreds digit of 62807734?
7
What is the millions digit of 123245221?
3
What is the thousands digit of 727326059?
6
What is the ten millions digit of 166003675?
6
What is the hundred thousands digit of 1550742990?
7